s 21 (base 4) in base 12?
9
What is -11 (base 5) in base 4?
-12
-b2 (base 14) to base 13
-c0
What is -1 (base 4) in base 13?
-1
What is 2c (base 13) in base 7?
53
-41 (base 14) to base 16
-39
10 (base 3) to base 10
3
-201 (base 3) to base 4
-103
-267 (base 8) to base 5
-1213
What is 22 (base 10) in base 11?
20
What is -c (base 14) in base 15?
-c
2 (base 10) to base 4
2
1101000 (base 2) to base 3
10212
Convert 6 (base 9) to base 16.
6
4 (base 11) to base 7
4
Convert 2e (base 15) to base 11.
40
Convert 23 (base 9) to base 2.
10101
-20 (base 4) to base 2
-1000
1 (base 5) to base 8
1
Convert 11 (base 3) to base 15.
4
What is 7 (base 13) in base 14?
7
What is 26 (base 13) in base 9?
35
2 (base 13) to base 7
2
What is -53 (base 8) in base 7?
-61
What is -23 (base 4) in base 5?
-21
2 (base 6) to base 11
2
-1331 (base 5) to base 14
-116
151 (base 9) to base 14
91
3 (base 12) to base 5
3
-2 (base 11) to base 8
-2
What is -3303 (base 4) in base 7?
-465
What is -3 (base 11) in base 6?
-3
Convert -5 (base 7) to base 11.
-5
Convert 1 (base 14) to base 7.
1
What is 32 (base 11) in base 8?
43
Convert -50 (base 7) to base 16.
-23
20 (base 4) to base 10
8
122 (base 5) to base 12
31
What is 0 (base 3) in base 4?
0
Convert -49 (base 12) to base 2.
-111001
What is -40 (base 8) in base 12?
-28
Convert -2 (base 10) to base 2.
-10
200 (base 4) to base 2
100000
What is 75 (base 16) in base 2?
1110101
Convert -12 (base 6) to base 3.
-22
101 (base 9) to base 8
122
What is 138 (base 12) in base 5?
1223
Convert 7a (base 13) to base 12.
85
101 (base 2) to base 10
5
What is 5 (base 9) in base 10?
5
-2 (base 15) to base 9
-2
What is -112 (base 4) in base 2?
-10110
-6 (base 7) to base 16
-6
2 (base 14) to base 5
2
Convert 122 (base 4) to base 11.
24
What is -5 (base 13) in base 10?
-5
What is 22 (base 5) in base 4?
30
What is -4 (base 13) in base 3?
-11
What is 1 (base 15) in base 12?
1
What is 2 (base 4) in base 6?
2
34 (base 14) to base 15
31
What is -b (base 14) in base 7?
-14
Convert -40 (base 10) to base 9.
-44
What is -25 (base 6) in base 9?
-18
What is -4 (base 8) in base 5?
-4
Convert -30 (base 4) to base 10.
-12
Convert -23 (base 9) to base 6.
-33
Convert 57 (base 11) to base 5.
222
-8a (base 13) to base 5
-424
2 (base 5) to base 7
2
What is 5 (base 7) in base 8?
5
3 (base 9) to base 3
10
28 (base 13) to base 6
54
What is 1 (base 11) in base 15?
1
What is 10 (base 3) in base 16?
3
Convert 10101 (base 2) to base 11.
1a
-110100 (base 2) to base 7
-103
9 (base 10) to base 14
9
Convert 70 (base 10) to base 8.
106
What is 12 (base 4) in base 11?
6
-1 (base 14) to base 7
-1
Convert 0 (base 8) to base 7.
0
2 (base 10) to base 11
2
What is -1 (base 16) in base 7?
-1
What is -35 (base 6) in base 8?
-27
6 (base 16) to base 15
6
Convert 17 (base 16) to base 12.
1b
What is 2 (base 5) in base 11?
2
57 (base 8) to base 15
32
What is 16 (base 7) in base 14?
d
-3 (base 15) to base 4
-3
What is -11 (base 3) in base 2?
-100
-1 (base 15) to base 6
-1
What is 3 (base 4) in base 16?
3
Convert 10010 (base 2) to base 15.
13
What is -1 (base 2) in base 10?
-1
Convert -2 (base 14) to base 2.
-10
Convert -131 (base 4) to base 2.
-11101
Convert 1120 (base 3) to base 4.
222
-5a (base 13) to base 6
-203
-52 (base 6) to base 9
-35
Convert -113 (base 13) to base 2.
-10111001
Convert -111110 (base 2) to base 3.
-2022
What is -7e (base 16) in base 8?
-176
1 (base 4) to base 9
1
-116 (base 13) to base 15
-c8
Convert 4 (base 6) to base 12.
4
Convert 1 (base 7) to base 13.
1
What is 1001 (base 3) in base 11?
26
Convert -5 (base 12) to base 14.
-5
Convert 6 (base 16) to base 4.
12
What is -22 (base 7) in base 6?
-24
Convert -1 (base 5) to base 7.
-1
Convert 88 (base 9) to base 4.
1100
-341 (base 9) to base 3
-101101
Convert 58 (base 9) to base 3.
1222
3 (base 11) to base 3
10
Convert -3 (base 12) to base 16.
-3
-20 (base 8) to base 3
-121
What is -e (base 16) in base 6?
-22
Convert 11 (base 11) to base 12.
10
-3 (base 6) to base 15
-3
27 (base 11) to base 5
104
Convert 11 (base 3) to base 12.
4
What is 17 (base 9) in base 6?
24
Convert -107 (base 14) to base 4.
-3023
What is 155 (base 8) in base 3?
11001
Convert 0 (base 16) to base 8.
0
What is -2 (base 3) in base 16?
-2
What is -1 (base 2) in base 13?
-1
What is -6 (base 15) in base 14?
-6
What is 266 (base 7) in base 11?
123
Convert 3 (base 16) to base 5.
3
Convert 10 (base 13) to base 4.
31
-11022 (base 3) to base 2
-1110100
Convert -3 (base 10) to base 15.
-3
Convert -20 (base 12) to base 2.
-11000
What is -123 (base 10) in base 11?
-102
Convert -1 (base 15) to base 2.
-1
223 (base 4) to base 11
3a
Convert -50 (base 9) to base 13.
-36
Convert -2 (base 15) to base 10.
-2
Convert 2 (base 11) to base 3.
2
What is -1 (base 9) in base 13?
-1
-10 (base 3) to base 10
-3
-314 (base 6) to base 13
-91
What is -3 (base 6) in base 3?
-10
What is -10123 (base 4) in base 3?
-101111
Convert -134 (base 5) to base 8.
-54
Convert -1 (base 7) to base 16.
-1
What is -21222 (base 3) in base 15?
-e5
Convert 7 (base 12) to base 15.
7
What is 24 (base 5) in base 14?
10
-4 (base 16) to base 13
-4
Convert -221 (base 6) to base 15.
-5a
What is -3 (base 5) in base 12?
-3
Convert -110 (base 3) to base 13.
-c
Convert 1110 (base 3) to base 5.
124
What is 10100 (base 3) in base 2?
1011010
Convert -84 (base 14) to base 8.
-164
Convert 52 (base 7) to base 8.
45
What is -e (base 15) in base 5?
-24
What is 2010 (base 3) in base 6?
133
-b5 (base 13) to base 16
-94
What is 0 (base 15) in base 13?
0
-5 (base 15) to base 5
-10
-10 (base 9) to base 12
-9
-2 (base 14) to base 4
-2
What is 1 (base 16) in base 4?
1
What is 0 (base 13) in base 14?
0
What is -3 (base 7) in base 5?
-3
What is 9 (base 10) in base 8?
11
What is -5 (base 8) in base 16?
-5
Convert -10 (base 6) to base 12.
-6
What is -21 (base 13) in base 4?
-123
-5 (base 8) to base 5
-10
Convert -23 (base 9) to base 5.
-41
0 (base 3) to base 5
0
-163 (base 12) to base 15
-e9
What is -6 (base 13) in base 14?
-6
-20 (base 6) to base 4
-30
Convert 11e (base 15) to base 13.
167
What is -4 (base 5) in base 11?
-4
1000 (base 2) to base 3
22
Convert 19 (base 11) to base 13.
17
What is 36 (base 11) in base 5?
124
What is 74 (base 13) in base 6?
235
What is 8 (base 10) in base 6?
12
Convert 4 (base 16) to base 9.
4
-111 (base 2) to base 12
-7
What is -6 (base 8) in base 7?
-6
What is 4 (base 6) in base 14?
4
Convert -21 (base 13) to base 8.
-33
-337 (base 9) to base 5
-2102
222 (base 3) to base 4
122
d (base 14) to base 5
23
What is e (base 15) in base 14?
10
Convert 41 (base 10) to base 2.
101001
What is -134 (base 10) in base 3?
-11222
6 (base 10) to base 13
6
45 (base 10) to base 12
39
What is 1 (base 13) in base 12?
1
Convert 10 (base 5) to base 3.
12
What is 134 (base 7) in base 16?
4a
10 (base 11) to base 7
14
What is -26 (base 14) in base 5?
-114
-33 (base 5) to base 13
-15
20122 (base 3) to base 6
455
-2 (base 12) to base 8
-2
Convert -4 (base 13) to base 12.
-4
What is -122 (base 11) in base 8?
-221
-231 (base 4) to base 7
-63
Convert 2 (base 14) to base 6.
2
What is 12 (base 3) in base 2?
101
Convert 15 (base 12) to base 16.
11
Convert 2 (base 11) to base 10.
2
105 (base 6) to base 13
32
1211 (base 4) to base 13
7a
-101011 (base 2) to base 4
-223
33 (base 13) to base 3
1120
Convert -2122 (base 4) to base 5.
-1104
6 (base 7) to base 12
6
What is 3 (base 9) in base 16?
3
11 (base 5) to base 7
6
-dc (base 14) to base 10
-194
-28 (base 13) to base 12
-2a
Convert 50 (base 7) to base 11.
32
Convert -4 (base 8) to base 16.
-4
What is 221 (base 3) in base 4?
121
-146 (base 8) to base 5
-402
120 (base 3) to base 8
17
-12 (base 3) to base 5
-10
Convert 2 (base 6) to base 12.
2
What is -22 (base 8) in base 10?
-18
What is 1b5 (base 12) in base 9?
342
What is -10 (base 7) in base 12?
-7
What is -7 (base 13) in base 5?
-12
43 (base 5) to base 13
1a
What is -2210 (base 3) in base 5?
-300
What is 1 (base 11) in base 14?
1
What is 152 (base 8) in base 5?
411
Convert -28 (base 16) to base 9.
-44
-8 (base 9) to base 4
-20
What is 23 (base 5) in base 11?
12
Convert 10 (base 3) to base 10.
3
Convert -11 (base 14) to base 2.
-1111
-1000101 (base 2) to base 14
-4d
What is 2c (base 16) in base 13?
35
What is -8 (base 9) in base 8?
-10
Convert 0 (ba